 48.
29
What is the remainder when 389 is divided by 7?
4
What is the remainder when 291 is divided by 66?
27
What is the remainder when 145 is divided by 38?
31
Calculate the remainder when 1393 is divided by 66.
7
Calculate the remainder when 338 is divided by 10.
8
What is the remainder when 708 is divided by 8?
4
Calculate the remainder when 1617 is divided by 103.
72
What is the remainder when 1465 is divided by 358?
33
What is the remainder when 400 is divided by 84?
64
What is the remainder when 232 is divided by 24?
16
Calculate the remainder when 205 is divided by 33.
7
Calculate the remainder when 7911 is divided by 86.
85
What is the remainder when 983 is divided by 33?
26
What is the remainder when 542 is divided by 444?
98
Calculate the remainder when 1566 is divided by 31.
16
Calculate the remainder when 221 is divided by 15.
11
What is the remainder when 5931 is divided by 86?
83
Calculate the remainder when 2195 is divided by 122.
121
What is the remainder when 609 is divided by 34?
31
Calculate the remainder when 241 is divided by 68.
37
What is the remainder when 44 is divided by 6?
2
What is the remainder when 53 is divided by 14?
11
Calculate the remainder when 309 is divided by 62.
61
What is the remainder when 754 is divided by 21?
19
Calculate the remainder when 3173 is divided by 138.
137
What is the remainder when 849 is divided by 5?
4
What is the remainder when 1020 is divided by 68?
0
Calculate the remainder when 89 is divided by 70.
19
What is the remainder when 223 is divided by 32?
31
What is the remainder when 3057 is divided by 80?
17
Calculate the remainder when 82 is divided by 37.
8
Calculate the remainder when 293 is divided by 146.
1
What is the remainder when 2547 is divided by 503?
32
What is the remainder when 245 is divided by 19?
17
Calculate the remainder when 145 is divided by 23.
7
Calculate the remainder when 325 is divided by 113.
99
What is the remainder when 3871 is divided by 38?
33
What is the remainder when 20 is divided by 4?
0
Calculate the remainder when 299 is divided by 43.
41
Calculate the remainder when 702 is divided by 61.
31
What is the remainder when 646 is divided by 109?
101
Calculate the remainder when 734 is divided by 123.
119
What is the remainder when 50 is divided by 15?
5
What is the remainder when 146 is divided by 34?
10
Calculate the remainder when 55 is divided by 16.
7
Calculate the remainder when 488 is divided by 244.
0
What is the remainder when 645 is divided by 59?
55
Calculate the remainder when 230 is divided by 14.
6
Calculate the remainder when 329 is divided by 140.
49
What is the remainder when 29 is divided by 12?
5
What is the remainder when 295 is divided by 8?
7
What is the remainder when 268 is divided by 28?
16
Calculate the remainder when 86 is divided by 11.
9
Calculate the remainder when 78 is divided by 20.
18
What is the remainder when 346 is divided by 188?
158
What is the remainder when 806 is divided by 137?
121
What is the remainder when 1307 is divided by 187?
185
What is the remainder when 146 is divided by 6?
2
Calculate the remainder when 178 is divided by 40.
18
Calculate the remainder when 318 is divided by 106.
0
What is the remainder when 2754 is divided by 19?
18
What is the remainder when 419 is divided by 84?
83
Calculate the remainder when 142 is divided by 50.
42
What is the remainder when 624 is divided by 219?
186
What is the remainder when 267 is divided by 65?
7
Calculate the remainder when 3126 is divided by 1031.
33
What is the remainder when 949 is divided by 113?
45
What is the remainder when 4585 is divided by 74?
71
Calculate the remainder when 803 is divided by 223.
134
Calculate the remainder when 1012 is divided by 17.
9
What is the remainder when 365 is divided by 99?
68
What is the remainder when 96 is divided by 34?
28
What is the remainder when 4463 is divided by 18?
17
Calculate the remainder when 6617 is divided by 53.
45
Calculate the remainder when 735 is divided by 243.
6
Calculate the remainder when 34 is divided by 18.
16
Calculate the remainder when 986 is divided by 277.
155
Calculate the remainder when 675 is divided by 13.
12
What is the remainder when 348 is divided by 39?
36
What is the remainder when 221 is divided by 17?
0
What is the remainder when 1581 is divided by 50?
31
Calculate the remainder when 1407 is divided by 15.
12
Calculate the remainder when 1644 is divided by 4.
0
Calculate the remainder when 156 is divided by 147.
9
What is the remainder when 2986 is divided by 124?
10
Calculate the remainder when 525 is divided by 184.
157
Calculate the remainder when 832 is divided by 49.
48
Calculate the remainder when 112 is divided by 6.
4
Calculate the remainder when 2592 is divided by 330.
282
Calculate the remainder when 2446 is divided by 9.
7
What is the remainder when 161 is divided by 6?
5
What is the remainder when 2086 is divided by 372?
226
Calculate the remainder when 9394 is divided by 5.
4
What is the remainder when 1835 is divided by 34?
33
What is the remainder when 1272 is divided by 241?
67
Calculate the remainder when 190 is divided by 14.
8
Calculate the remainder when 328 is divided by 95.
43
Calculate the remainder when 285 is divided by 21.
12
What is the remainder when 125 is divided by 82?
43
What is the remainder when 2107 is divided by 80?
27
Calculate the remainder when 205 is divided by 13.
10
What is the remainder when 96 is divided by 25?
21
What is the remainder when 80 is divided by 11?
3
Calculate the remainder when 78 is divided by 35.
8
What is the remainder when 1811 is divided by 18?
11
What is the remainder when 2247 is divided by 80?
7
What is the remainder when 2551 is divided by 69?
67
Calculate the remainder when 205 is divided by 54.
43
What is the remainder when 187 is divided by 64?
59
Calculate the remainder when 204 is divided by 44.
28
Calculate the remainder when 172 is divided by 47.
31
Calculate the remainder when 1149 is divided by 36.
33
What is the remainder when 693 is divided by 689?
4
What is the remainder when 1445 is divided by 359?
9
Calculate the remainder when 303 is divided by 4.
3
Calculate the remainder when 67 is divided by 23.
21
What is the remainder when 3604 is divided by 27?
13
Calculate the remainder when 134 is divided by 67.
0
Calculate the remainder when 3186 is divided by 21.
15
What is the remainder when 1217 is divided by 87?
86
Calculate the remainder when 576 is divided by 551.
25
What is the remainder when 445 is divided by 30?
25
What is the remainder when 555 is divided by 186?
183
Calculate the remainder when 2521 is divided by 133.
127
Calculate the remainder when 59 is divided by 40.
19
Calculate the remainder when 162 is divided by 40.
2
Calculate the remainder when 69 is divided by 50.
19
What is the remainder when 291 is divided by 74?
69
What is the remainder when 474 is divided by 4?
2
What is the remainder when 818 is divided by 39?
38
What is the remainder when 108 is divided by 39?
30
Calculate the remainder when 5092 is divided by 268.
0
Calculate the remainder when 616 is divided by 94.
52
Calculate the remainder when 1404 is divided by 17.
10
Calculate the remainder when 923 is divided by 85.
73
What is the remainder when 151 is divided by 11?
8
Calculate the remainder when 2648 is divided by 15.
8
Calculate the remainder when 1156 is divided by 129.
124
Calculate the remainder when 21749 is divided by 375.
374
What is the remainder when 1335 is divided by 136?
111
Calculate the remainder when 91 is divided by 49.
42
What is the remainder when 1517 is divided by 169?
165
Calculate the remainder when 256 is divided by 56.
32
Calculate the remainder when 13328 is divided by 33.
29
What is the remainder when 4858 is divided by 4842?
16
Calculate the remainder when 3741 is divided by 16.
13
What is the remainder when 64 is divided by 7?
1
What is the remainder when 489 is divided by 110?
49
What is the remainder when 12118 is divided by 29?
25
Calculate the remainder when 173 is divided by 22.
19
What is the remainder when 182 is divided by 3?
2
What is the remainder when 971 is divided by 107?
8
Calculate the remainder when 1748 is divided by 873.
2
Calculate the remainder when 687 is divided b